, 859
What are the prime factors of 886781?
7, 126683
List the prime factors of 799485.
3, 5, 53299
What are the prime factors of 127863?
3, 14207
List the prime factors of 255349.
255349
List the prime factors of 449424.
2, 3, 3121
What are the prime factors of 148157?
148157
What are the prime factors of 189553?
7, 13, 2083
List the prime factors of 181833.
3, 60611
What are the prime factors of 424019?
424019
List the prime factors of 94874.
2, 13, 41, 89
List the prime factors of 9337458.
2, 3, 13, 59, 2029
What are the prime factors of 2975589?
3, 191, 577
List the prime factors of 107588.
2, 13, 2069
What are the prime factors of 815?
5, 163
List the prime factors of 1582549.
1582549
List the prime factors of 83593.
179, 467
What are the prime factors of 2322838?
2, 7, 83, 1999
List the prime factors of 41108474.
2, 11, 1868567
List the prime factors of 2158084.
2, 43, 12547
List the prime factors of 57253.
7, 8179
What are the prime factors of 151016?
2, 43, 439
List the prime factors of 2445772.
2, 7, 113, 773
List the prime factors of 2478421.
11, 233, 967
List the prime factors of 2161051.
29, 43, 1733
List the prime factors of 140251.
139, 1009
What are the prime factors of 32836625?
5, 262693
What are the prime factors of 2791977?
3, 41, 22699
List the prime factors of 816009.
3, 272003
List the prime factors of 478204.
2, 119551
What are the prime factors of 31219?
31219
What are the prime factors of 3243492?
2, 3, 7, 61, 211
List the prime factors of 246186.
2, 3, 47, 97
List the prime factors of 824872.
2, 23, 4483
What are the prime factors of 240226?
2, 7, 17159
What are the prime factors of 8498945?
5, 7, 13, 18679
What are the prime factors of 148442?
2, 7, 23, 461
What are the prime factors of 1348441?
1348441
List the prime factors of 238533.
3, 23, 3457
List the prime factors of 552475.
5, 7, 11, 41
What are the prime factors of 1835403?
3, 611801
What are the prime factors of 1002679?
1002679
List the prime factors of 4243940.
2, 5, 443, 479
What are the prime factors of 299931?
3, 17, 5881
What are the prime factors of 1699259?
59, 83, 347
What are the prime factors of 4290409?
17, 19, 37, 359
What are the prime factors of 84955?
5, 13, 1307
List the prime factors of 1280317.
1280317
List the prime factors of 1964980.
2, 5, 19, 5171
List the prime factors of 309186.
2, 3, 89, 193
List the prime factors of 3736039.
17, 219767
What are the prime factors of 45323?
61, 743
What are the prime factors of 1871673?
3, 419, 1489
List the prime factors of 7142.
2, 3571
List the prime factors of 4730470.
2, 5, 107, 4421
List the prime factors of 5395626.
2, 3, 163, 613
What are the prime factors of 29735904?
2, 3, 11, 29, 971
List the prime factors of 1676768.
2, 61, 859
List the prime factors of 3314786.
2, 257, 6449
List the prime factors of 25476.
2, 3, 11, 193
What are the prime factors of 432016?
2, 13, 31, 67
List the prime factors of 15690585.
3, 5, 79, 13241
What are the prime factors of 2713241?
23, 223
List the prime factors of 20039656.
2, 7, 13, 27527
What are the prime factors of 2291556?
2, 3, 43, 4441
List the prime factors of 20883544.
2, 11, 237313
List the prime factors of 93903.
3, 113, 277
List the prime factors of 940372.
2, 17, 13829
What are the prime factors of 87378?
2, 3, 14563
What are the prime factors of 2022348?
2, 3, 127, 1327
What are the prime factors of 3786901?
601, 6301
List the prime factors of 3404063.
13, 17, 73, 211
What are the prime factors of 87977?
87977
What are the prime factors of 416645?
5, 23, 3623
List the prime factors of 1807493.
1807493
What are the prime factors of 6586129?
11, 103, 5813
What are the prime factors of 4400120?
2, 5, 41, 2683
List the prime factors of 420235.
5, 84047
List the prime factors of 778915.
5, 155783
What are the prime factors of 885289?
885289
What are the prime factors of 185626?
2, 7, 13259
What are the prime factors of 3412363?
97, 127, 277
What are the prime factors of 475675?
5, 53, 359
List the prime factors of 28168.
2, 7, 503
List the prime factors of 993360.
2, 3, 5, 4139
List the prime factors of 5367713.
13, 412901
What are the prime factors of 642304?
2, 13, 193
List the prime factors of 3401353.
173, 19661
List the prime factors of 1718623.
487, 3529
List the prime factors of 577291.
11, 13, 367
What are the prime factors of 7387071?
3, 23, 151, 709
What are the prime factors of 398522?
2, 199261
List the prime factors of 10476520.
2, 5, 43, 6091
What are the prime factors of 14161120?
2, 5, 67, 1321
List the prime factors of 4139317.
7, 13, 3499
What are the prime factors of 362611?
349, 1039
List the prime factors of 10879799.
7, 19, 179, 457
What are the prime factors of 437826?
2, 3, 43, 1697
List the prime factors of 280156.
2, 70039
What are the prime factors of 1204524?
2, 3, 19, 587
What are the prime factors of 98234?
2, 49117
List the prime factors of 1016485.
5, 23, 8839
What are the prime factors of 1540713?
3, 241, 2131
What are the prime factors of 396487?
7, 13, 4357
What are the prime factors of 230912?
2, 11, 41
What are the prime factors of 19526?
2, 13, 751
List the prime factors of 837418.
2, 418709
What are the prime factors of 216778?
2, 283, 383
What are the prime factors of 7019346?
2, 3, 587, 1993
What are the prime factors of 174231?
3, 239
What are the prime factors of 4101199?
17, 23, 617
List the prime factors of 148150.
2, 5, 2963
What are the prime factors of 212209?
212209
List the prime factors of 32732935.
5, 6546587
List the prime factors of 13004062.
2, 23, 282697
List the prime factors of 390677.
7, 17, 67
List the prime factors of 17220575.
5, 17, 40519
List the prime factors of 1586288.
2, 11, 9013
List the prime factors of 1169244.
2, 3, 32479
What are the prime factors of 6895658?
2, 7, 11, 44777
What are the prime factors of 29311511?
37, 313, 2531
List the prime factors of 1083748.
2, 270937
What are the prime factors of 3781803?
3, 17, 29, 2557
What are the prime factors of 6593455?
5, 11, 119881
What are the prime factors of 375565?
5, 31, 2423
What are the prime factors of 3253027?
3253027
What are the prime factors of 349755?
3, 5, 7, 3331
What are the prime factors of 17414673?
3, 149, 38959
What are the prime factors of 1571408?
2, 98213
List the prime factors of 7979542.
2, 1259, 3169
What are the prime factors of 615885?
3, 5, 19, 2161
List the prime factors of 1585989.
3, 176221
List the prime factors of 874077.
3, 291359
List the prime factors of 561367.
561367
What are the prime factors of 173550?
2, 3, 5, 13, 89
List the prime factors of 7807124.
2, 13, 11549
List the prime factors of 457863.
3, 7, 21803
What are the prime factors of 21845599?
733, 29803
What are the prime factors of 919625?
5, 7, 1051
What are the prime factors of 20666660?
2, 5, 7, 43, 3433
List the prime factors of 15741.
3, 11, 53
List the prime factors of 21838484.
2, 5459621
List the prime factors of 14140050.
2, 3, 5, 107, 881
What are the prime factors of 337068?
2, 3, 3121
List the prime factors of 1789048.
2, 151, 1481
What are the prime factors of 1596628?
2, 11, 131, 277
What are the prime factors of 6139331?
11, 558121
List the prime factors of 219095.
5, 29, 1511
List the prime factors of 2026967.
23, 88129
What are the prime factors of 7629439?
101, 75539
What are the prime factors of 617845?
5, 29, 4261
What are the prime factors of 33731575?
5, 193, 6991
List the prime factors of 7439345.
5, 53, 67, 419
List the prime factors of 2077854.
2, 3, 346309
What are the prime factors of 160917?
3, 53639
List the prime factors of 11203443.
3, 61, 20407
What are the prime factors of 392795?
5, 13, 6043
List the prime factors of 1682427.
3, 23, 37, 659
What are the prime factors of 2483806?
2, 13, 95531
List the prime factors of 23985278.
2, 101, 118739
List the prime factors of 159366.
2, 3, 26561
What are the prime factors of 640797?
3, 213599
What are the prime factors of 821769?
3, 13, 19, 1109
What are the prime factors of 344853?
3, 38317
What are the prime factors of 19080162?
2, 3, 1060009
What are the prime factors of 336383?
359, 937
List the prime factors of 29857.
73, 409
List the prime factors of 4083451.
17, 240203
What are the prime factors of 9071325?
3, 5, 89, 151
What are the prime factor